at is the greatest common divisor of u and k?
4
Let w(i) = i**2 + 13*i - 23. Let x be w(-14). Let s be 52/234 + ((-194)/x)/2. What is the highest common factor of s and 275?
11
Let a(p) be the third derivative of p**5/2 - p**4/8 + p**3/3 + 17*p**2. Let w be a(-2). Let s = w + -84. Calculate the highest common factor of s and 4.
4
Suppose 226776 = 4*t + 4*k, -14*t + k + 879122 - 85466 = 0. What is the greatest common factor of 10 and t?
10
Suppose 79*d - 807 + 17 = 0. What is the highest common divisor of 2690 and d?
10
Suppose -5*w + 18*v - 16*v = -55, -47 = -3*w + 4*v. Let x be 98 + (5 - 72/w). Calculate the greatest common factor of x and 5.
5
Let b(u) = 2*u**2 + 3. Let k be b(-3). Suppose 30 = -22*g - 8*g. Let q be (-4 - g)*7/(k/(-6)). Calculate the greatest common divisor of q and 4.
2
Let i(q) = -q**2 - 13*q - 4. Let x be i(7). Let r be (3/(-9))/(40/x)*20. What is the highest common factor of 228 and r?
12
Suppose 0 = -3*k + 19*f - 22*f + 171, 4*k - 2*f - 210 = 0. What is the greatest common factor of k and 837?
27
Let u be (-323)/(-3 - (0 + -2)). Let h = u + -303. What is the highest common factor of 140 and h?
20
Let g = -521 + 525. Let w(f) = 33*f + 23. Let l be w(g). What is the greatest common divisor of l and 15?
5
Let n = -329275 - -329305. Let z = 9 + -5. Suppose -z*b + 5*b = 135. Calculate the greatest common divisor of n and b.
15
Let h = 75 - 40. Let q(c) = -c**3 + 35*c**2 + 2*c + 2. Let u be q(h). What is the highest common factor of u and 45?
9
Let v be (-98)/4*(24/7)/(-2). Calculate the highest common factor of 196 and v.
14
Let h(j) = -2*j**2. Let m(v) = 28*v**2 + 6*v + 11. Let i(d) = -h(d) + m(d). Let b be i(-2). What is the highest common factor of b and 17?
17
Let n be (-72)/(-30)*(-90)/4. Let p = -24 - n. Suppose -43 = 15*y - 223. Calculate the highest common factor of y and p.
6
Let b(d) = -14*d**2 - 2*d**3 + d**3 - 2*d**2 + 0*d**3 - 164 + 160 + 13*d. Let t = 41 + -58. Let f be b(t). What is the greatest common factor of f and 8?
8
Suppose -5*x + 2*x + 147 = 0. Suppose 7*r - 5 = 6*r. Suppose -4*c = 5*v - 23, -c - 3*c + r*v + 33 = 0. What is the greatest common divisor of c and x?
7
Let c be (2/(-5))/(19/(-190)). Let w be 81 + 2/(-4 - -3). Suppose 5*p - 299 = -w. Calculate the highest common divisor of c and p.
4
Let l(k) = -3867*k - 81. Let q be l(-1). What is the highest common factor of 12 and q?
6
Suppose -5*k - 755 = -5*i, 4*i - k + 4*k - 611 = 0. Suppose 4*w - 7*w + i = -2*j, -2*w + 88 = 2*j. What is the highest common factor of w and 120?
24
Suppose -15 + 5 = -5*a. Suppose a*m + 2*j = 10, j - 6*j = -4*m + 11. Let g be 12 + 4*m/8. Calculate the greatest common factor of g and 35.
7
Let v = -98 + 482. Let m be (1 - -23)*(-68 - -69). What is the greatest common divisor of v and m?
24
Let n = 407 + -402. Suppose 123 = 3*s - 5*x, 3*s - n*x - 117 = -2*x. What is the greatest common factor of s and 36?
36
Let n = 12 + -44. Suppose 0 = 1812*t - 1799*t + 572. Let l = n - t. Calculate the highest common divisor of 24 and l.
12
Suppose 4*c - 652 = -4*h, 313 = 2*h - 3*c + 2. Calculate the highest common factor of h and 45.
5
Let s be (-8)/24 + (-452)/(-6). Let n be 19/1 - (-836)/(-209). Calculate the highest common factor of s and n.
15
Suppose -64*o = -44*o + 80. Let a be 26 + (-1)/(o/(-12)). Suppose -5 = x, -3*d + 3*x = -0*d - 291. Calculate the greatest common factor of a and d.
23
Suppose 22*y - 6090 = y. Let k = 334 - y. Calculate the highest common divisor of k and 22.
22
Let g(o) = 8*o + 2. Let n be g(4). Let u(q) = -q**3 + 111*q**2 + 586*q - 509. Let i be u(116). What is the highest common divisor of i and n?
17
Let k = 186 - 71. Let w = k + -103. Suppose -25*y + 28*y = w. Calculate the greatest common divisor of 8 and y.
4
Let q = 5 - -94. Let x(j) = -192*j + 201. Let s be x(1). Calculate the greatest common divisor of s and q.
9
Let k(r) = -r**3 + 23*r**2 + 6*r + 74. Let g be k(22). Calculate the greatest common divisor of 46 and g.
46
Suppose p + 5*i = 925, -3*p = 314*i - 311*i - 2835. What is the greatest common divisor of 40 and p?
10
Let n = -1877 + 1915. Calculate the highest common divisor of n and 8.
2
Let p = -224 + 238. Calculate the highest common factor of p and 1246.
14
Suppose 5*r - 2*b = 48, -4*r + 57 = -5*b + 22. Suppose 189 = 3*v - 2*z, -v + 241 = 3*v + z. Let l = 19 + v. Calculate the highest common factor of l and r.
10
Let f(l) = 39*l + 13. Let c be f(12). Suppose -c*t = -478*t - 1683. Calculate the highest common divisor of 51 and t.
51
Let n = -5677 + 6306. What is the greatest common factor of n and 187?
17
Let i = 154 + -153. Let h(v) = 122*v + 14. Let r be h(i). What is the highest common factor of 17 and r?
17
Let b(f) = f**3 + 48*f**2 + 3*f + 152. Let m be b(-48). Calculate the highest common factor of m and 668.
4
Let h(z) = -8*z - 16. Let j be h(-3). Let v be (1154/3)/(j/12). Suppose v + 584 = 3*a. What is the greatest common divisor of a and 43?
43
Suppose 4*p = 5*b + 3*p - 1509, -p - 1207 = -4*b. Let a = -298 + b. Calculate the highest common factor of a and 72.
4
Let q = -24 + 22. Let v(l) = 4*l**2 - l - 4. Let c be v(q). Suppose -4*n = -c - 10. What is the greatest common divisor of 9 and n?
3
Let f be ((-22)/(-44))/(1/(-1866)). Let p = -913 - f. Calculate the highest common divisor of 55 and p.
5
Suppose 3*z - 2 - 58 = 0. Suppose 4*m - 127 + 33 = 5*p, 5*m = -5*p - 40. Let r = z - p. Calculate the greatest common factor of 306 and r.
34
Let m be (20/(-80) - -1)*20. Let c(g) = -45*g**3 + g**2 - 1. Let q be c(-1). What is the greatest common divisor of m and q?
15
Suppose -2*r + 10 = 2*r + 2*y, -y = -2*r + 7. Let n be 7*(r - 15/7). Suppose 0 = n*u - 183 - 447. Calculate the highest common factor of u and 42.
21
Let v = 13 - 13. Suppose r = -w + 142, v*r + r - 3*w = 150. Let o(g) = -2*g + 12. Let u be o(-3). Calculate the greatest common divisor of u and r.
18
Let s(l) = l**3 + 28*l**2 - 37*l + 62. Let k be s(-29). Let p = -278 + k. Calculate the greatest common divisor of p and 112.
16
Let l = -827 - -452. Let f be (2 + 7/(-5))/((-15)/l). Calculate the highest common divisor of f and 3.
3
Let g(m) = -4*m + 40. Let y be g(10). Suppose y = 38*s - 35*s - 54. Suppose 0*l = 4*l - 288. Calculate the greatest common factor of s and l.
18
Let x be ((-3)/9)/(1/(3*-6)). Suppose 77922 = 152*g - 35*g. What is the highest common divisor of x and g?
6
Let t = 301 - 180. Suppose 8*h + x = 6*h + 20, x = -5*h + 53. What is the greatest common factor of h and t?
11
Let p = 783 + -494. Suppose 4*h = p - 33. What is the greatest common divisor of 128 and h?
64
Let n(l) = 15*l**2 - 4*l - 13. Let k be n(-4). Suppose -k = 2*u - 6*u - 3*o, 4*u = -5*o + 245. What is the highest common factor of u and 84?
12
Suppose 63*z - 110*z + 5922 = 0. What is the highest common factor of 1274 and z?
14
Let k be ((-1440)/(-600))/(1 - (-21)/(-30)). What is the greatest common factor of k and 154?
2
Let t be (-1131)/(-39) + 0 + 1. Let y = 114 + -69. What is the greatest common factor of y and t?
15
Suppose 3*x + 17943 = 3*c, -18696 + 751 = -3*c + 2*x. Calculate the highest common divisor of 31 and c.
31
Suppose -227*j + 2*w + 9 = -226*j, 0 = -4*j - 3*w + 69. Calculate the highest common divisor of 1905 and j.
15
Suppose 10*l - 84 = 2*q, -100*q = 4*l - 98*q - 56. Suppose 6 = -6*n + 3*n. Let t = n + 7. Calculate the highest common factor of t and l.
5
Suppose 0 = -2*k - 2*j + 7534, k + 5*j = 3546 + 229. What is the greatest common divisor of k and 15?
15
Let c be (-8)/3*444/(-2). Suppose 3*o = -7*l + 47, 5*o + 18617*l = 18619*l + 174. Calculate the greatest common factor of o and c.
16
Let o = -17 - -20. Suppose 111 + 15 = 6*w. Suppose 2*u = -a - 3, 2*a - 5*u = -0*a + w. What is the greatest common divisor of o and a?
3
Suppose 0*q = -5*q + 10. Suppose -4 = -q*y + 22. Suppose -y*k = -12*k - 52. Calculate the highest common divisor of 26 and k.
26
Let k be (0 - 2)*-35*28/98. Calculate the highest common factor of 6560 and k.
20
Let w be -1*6/12*2. Let f be (2 + w)/(204/(-42) - -5). Let h(n) = -n**2 + 13*n - 5. Let z be h(5). What is the highest common divisor of z and f?
7
Let o(d) = 27*d + 16. Let v be o(3). Let a(n) = -81*n + 388. Let g be a(0). What is the highest common factor of v and g?
97
Suppose -3*t - 72 = -78. Su